11*v(s). What is z(w)?
0
Let g = 9 - 6. Let r be g + -2 + 1 + -2. Let p(j) = -j**2 + 10. What is p(r)?
10
Suppose 0*p = -3*p + 27. Let r(z) = z**3 - 10*z**2 + 7*z - 13. Calculate r(p).
-31
Let x(q) be the second derivative of q**3/6 + 2*q**2 + 7*q. Calculate x(0).
4
Suppose 0 = 6*d - 2*d - 32. Suppose -4*w - 36 = -h - 4*h, d = -h - 3*w. Let v(m) = -m + 8. Determine v(h).
4
Let g(m) = -m + 7. Suppose -2*d + 3*z + 3 = -1, 4*z - 6 = -3*d. Suppose -d*r = -0*r - 10. Determine g(r).
2
Let p(w) = -w**2 - 8*w + 11. Let t be p(-9). Let f be 2 - -4*3/t. Let m = f + -4. Let k(a) = a**3 - 4*a**2 + 2*a - 4. Give k(m).
4
Let j(n) = -3*n + 3 - 3. Suppose -4*x = -2*x - 6. Calculate j(x).
-9
Let a(y) = -4*y**2 + 2*y - 1. Let j(x) = 3*x**2 - x + 1. Let l(s) = 5*a(s) + 7*j(s). Calculate l(-5).
12
Let n(d) be the second derivative of d**5/60 + d**4/4 + 2*d**3/3 - d**2 + 3*d. Let i(b) be the first derivative of n(b). Calculate i(-4).
-4
Let h(l) = -l - 8. Let n be (88/(-16))/(2/4). Determine h(n).
3
Let l be (-27)/6 + (5/(-10) - 1). Let h(b) = b**2 + 6*b. What is h(l)?
0
Suppose 4*b = 21 + 19. Let p be (-25)/b + 6/(-4). Let u(f) = 4. Let k(d) = d - 13. Let c(s) = 2*k(s) + 7*u(s). What is c(p)?
-6
Let b(s) be the first derivative of -s**2/2 - 5*s - 6. Let m be (-2)/7 + 74/14. Calculate b(m).
-10
Let m(n) = n**2 - n. Let d be m(2). Let s(p) = p**2 - p + 2. Give s(d).
4
Let x(s) be the third derivative of -s**6/360 - s**5/60 + s**4/12 + 5*s**3/6 + 5*s**2. Let h(o) be the first derivative of x(o). What is h(2)?
-6
Let o(g) = g**2 - g - 1. Let d(v) = 4*v**2 - 7*v - 5. Let f(q) = -d(q) + 5*o(q). What is f(4)?
24
Let n be (-7)/(21/(-18)) + -1. Let o(h) = h**2 + 4*h**2 + 5 + 1 - h**3 - 3*h. Determine o(n).
-9
Let u(j) = -j**3 + j**2 + 4*j - 3. Suppose -v + 8 = 4*v - 2*b, 0 = -2*v + 2*b + 2. Calculate u(v).
1
Let z be 14/49 - (-4)/(-14). Suppose 2*v - 8 - 2 = z. Let m(k) = -k + 5. Give m(v).
0
Let p(b) = -b**2 + 6*b. Suppose 0 = -3*r - 31 - 56. Let m = 21 + r. Let u = m + 14. Calculate p(u).
0
Let m(x) = x**2 - 9*x + 3. Suppose 14*v - 18*v = -36. Give m(v).
3
Let n(s) = s**3 - 6*s**2 + s + 7. Let x = 7 + -2. What is n(x)?
-13
Let p(i) be the second derivative of i**4/12 - i**3/2 + 5*i**2/2 - i. What is p(4)?
9
Let o(d) = 4*d**2 - 2*d - 8. Let y(k) = -k**2 + 1. Let h(w) = o(w) + 3*y(w). Suppose 0 = -c + 5*a + 19, 2 + 5 = -2*c - 5*a. What is h(c)?
3
Let u(y) be the third derivative of -y**6/120 - y**5/60 + y**4/8 - y**3/3 + 27*y**2. Determine u(-3).
7
Let c(f) = 3*f. Let k be (-50)/30 - 2/(-3). Give c(k).
-3
Suppose -1 = 4*b + 19. Let w(a) = -5*a - 1. Give w(b).
24
Suppose 3*m + 2*h - 15 - 10 = 0, 5 = h. Let q(t) = 0*t - t - 14 + t**2 + 16 - 2*t. What is q(m)?
12
Let b(i) = -2*i - 2. Let l be b(2). Let j(p) be the first derivative of p**3/3 + 5*p**2/2 - 5*p + 1. Calculate j(l).
1
Let h(y) = 2*y**2 - 3 - 3*y**2 + 2*y + 2. Let k be h(1). Let q(l) = -l. Calculate q(k).
0
Let j(c) be the third derivative of -7*c**6/720 + c**4/12 + c**2. Let k(t) be the second derivative of j(t). Let a = -7 - -8. Give k(a).
-7
Let d be (8/12*-3)/1. Let t be (0/(1 + 1))/1. Let y = t - d. Let i(u) = u**3 - u**2 + 2. What is i(y)?
6
Let d = 43 - 34. Let v(g) = -g**2 + 10*g + 4. What is v(d)?
13
Let h = 106 - 65. Suppose 24 = -i + 4*m, 2*m - h = 4*i - 3*m. Let t(n) be the third derivative of -n**4/12 - 2*n**3/3 + 3*n**2 + 2*n. Determine t(i).
4
Suppose -3*a + 51 + 4 = h, 5*h = -2*a + 54. Suppose a = -2*q + 5. Let k(d) = d + 4. Calculate k(q).
-2
Suppose -5*d + x = 3 - 52, 34 = 2*d - 4*x. Suppose 0 = 4*r - d*r. Suppose -8 = -5*a + 3*j + 15, -a - 5*j - 1 = r. Let w(g) = g - 5. Calculate w(a).
-1
Let y(h) = h**3 + 4*h**2 - 2. Suppose -x = 4*f - 0*x - 4, 0 = -2*f - 4*x + 2. Let g = -3 + f. Calculate y(g).
6
Let u(w) = -w**3 - 3*w**2 - 2*w. Let l(o) = -o**3 - 5*o**2 + o - 3. Let h be l(-5). Let y = 5 + h. Let z = y + 1. Give u(z).
0
Suppose -2*d = -0*d - 2. Let t(r) = r + 0 - 4*r + r**2 + d + 7*r. What is t(-3)?
-2
Let u(k) = 0*k**3 - 85 + 84 - 7*k**3 + k**2. Calculate u(-1).
7
Let t(m) = -m**2 - 1 + 0*m**2 + 0*m**2 - m. Let i be t(-2). Let h(a) = -a + a + 0*a - 2*a + 3. Determine h(i).
9
Let g(v) = -8*v + 0 + 4 - v**2 - 1 + 0. Give g(-6).
15
Let c(l) = -l. Let u be (-6)/27 - (-76)/18. Suppose -2*p - u = 2*r, -22 = r + 3*p + 2*p. Calculate c(r).
-3
Let q(d) = -d**2. Let i(x) = -2*x + 1. Let m be i(-5). Let g = -7 + m. Suppose -3 = -y - g. Give q(y).
-1
Suppose -2*f + 5*f - 6 = 0. Let m(v) = -3*v**3 + 4*v**2 - 3*v + 1. Give m(f).
-13
Let a(q) = -3*q**2 + 3*q + 3. Let i = 31 + -35. Let w(h) = -h - 1. Let y(g) = i*w(g) - a(g). Let o be 1 - ((2 - 1) + 1). Give y(o).
3
Let c(j) = -j - 2. Let m(o) = o**3 - 9*o**2 + 7*o + 6. Let z be m(8). Give c(z).
0
Let d(b) = -5*b + 7. Let z(i) = -9*i + 15. Let p(k) = 11*d(k) - 6*z(k). What is p(-9)?
-4
Let k(f) be the first derivative of -f**5/60 - f**4/3 + 2*f**3/3 + 3. Let o(t) be the third derivative of k(t). Determine o(-6).
4
Let z(d) = -36*d + 46. Let s(v) = -7*v + 9. Let a(t) = 16*s(t) - 3*z(t). Determine a(4).
-10
Let o(p) = -p - 1. Let w(q) = q + 5. Let c be w(-2). Determine o(c).
-4
Let n be 1/(0 - (0 - -1)). Let w(l) = -467 + l + 160 + 150 + 156. Determine w(n).
-2
Let z(s) = s**3 - 6*s**2 + 6*s - 3. Suppose 4*r = 2*t + 3*r - 9, 2 = 2*r. Determine z(t).
2
Let x(o) be the third derivative of o**5/60 - o**3/6 - o**2. Let r be x(-1). Let h(i) = r + i - i**2 - 3 - i. What is h(0)?
-3
Let g(u) = -u - 8. Let s(c) = c**3 - c - 4. Suppose 0 = 4*l - q - 2, 3*l + q + 6 = -2*q. Let r be s(l). What is g(r)?
-4
Let p(b) = 2*b - 1. Suppose 23 = -4*s - 4*d - 1, -24 = 3*s + 5*d. Let c be (-1)/(-1) + 1 + -3. Let n be 0 + (c - -2) - s. Give p(n).
7
Let u(o) = -4*o + 1. Let d = -8 - -10. Suppose -h + 4 = d. What is u(h)?
-7
Let n(u) = -2*u**3 + u**3 + 3*u**3 + 8*u**2 - u**3 + 7*u + 1. What is n(-7)?
1
Let u(n) = -4*n**3 + 11*n**2 - 8*n + 6. Let v(f) = -7*f**3 + 21*f**2 - 16*f + 13. Let g(r) = 5*u(r) - 3*v(r). Calculate g(7).
-2
Let s(k) = 4*k**2 - 2*k - 1. Suppose 2 = -0*a + a. Suppose 2*d + a = -0*d. Let h be (6 + d)*(-2)/(-5). Determine s(h).
11
Suppose 0 = -2*s - 8, 4*f = -0*f - 4*s - 12. Let c(h) be the third derivative of h**5/12 + h**4/12 - h**3/6 - 10*h**2. Determine c(f).
6
Let i(j) = 5*j**3 + j**2. Suppose 33 = t + 2*t. Let g(y) = -y**2 + 7*y + 10. Let m be g(8). Suppose -2*d + t + m = 5*f, 0 = f + 5*d - 21. Give i(f).
6
Let d(l) = -6*l + 3 - l**2 + 0*l**2 + 7*l. Calculate d(3).
-3
Let j(s) be the third derivative of s**6/120 + s**5/20 - 5*s**4/24 - s**3 + 4*s**2. Let c = 1 + 0. Let y = -5 + c. Calculate j(y).
-2
Let h(x) be the second derivative of x**6/360 - x**5/40 + x**4/3 + 8*x. Let g(i) be the third derivative of h(i). Suppose 4 = 2*t - t. What is g(t)?
5
Let w(t) = -t + 1. Let f(n) = -n + 1. Let y(k) = -6*f(k) + 5*w(k). Let m(h) = -3*h + 5*h - h. Let x(d) = 6*m(d) - y(d). What is x(1)?
6
Let y(q) = -q**3 + 3*q**2 + 6*q - 6. Suppose 0 = -3*d + 12. Determine y(d).
2
Let b(f) be the third derivative of f**6/120 + f**5/60 + f**4/8 + f**3/2 - 5*f**2. Calculate b(-2).
-7
Let w(b) be the third derivative of -b**7/1260 + b**6/240 + b**5/120 + b**4/24 + 3*b**2. Let f(r) be the second derivative of w(r). Give f(3).
-8
Suppose -2*y = 4*k - 14, 2 - 15 = -y - 5*k. Let m(a) = -4 + 45*a**3 + 4 - 51*a**y. Let x be (-2)/(-1 - 1) + -2. Determine m(x).
6
Let v(u) be the second derivative of -1/20*u**5 + 1/6*u**3 + 2*u + 0 + 0*u**4 + 3/2*u**2. What is v(0)?
3
Let p(f) be the second derivative of 1/20*f**5 + 0 - 1/3*f**4 + 4*f - 1/2*f**3 - f**2. Determine p(5).
8
Let q(z) = -2*z**2 - 2*z + 3 + 5*z - z**2. Determine q(3).
-15
Suppose 0 = 3*q - 4*q + 3*r + 16, 0 = -5*r - 20. Suppose a + q*m = 4*a + 18, -4*a - 24 = m. Let s(v) = v + 1. Give s(a).
-5
Let n(b) be the third derivative of -b**4/24 + b**3/2 + 6*b**2. Calculate n(-4).
7
Let a(s) be the third derivative of s**6/120 + s**5/12 - s**4/4 + 5*s**3/6 + 11*s**2. Suppose 0 = 2*r + 2 + 10. What is a(r)?
5
Let f(y) = -3*y - 7. Let d be f(-3). Let b(a) be the second derivative of -a**4/12 + a**3/3 + a**2/2 + 7*a. Determine b(d).
1
Let v(l) = 3*l**2 - 4*l - 1. Let f(h) = 2*h**2 - 3*h + 2. Let n be f(2). Let m(k) = 2*k**2 - 4*k - 1. Let j(o) = n*m(o) - 3*v(o). Give j(-4).
-1
Suppose -54*v - 5*w = -53*v + 6, 5*v + 2*w = -30. Let p(d) be t